*t + 2. Calculate c(11).
-31
Let p(x) = 3*x**3 + 9*x**2 - 7*x - 12. What is p(-3)?
9
Let c(b) = -b**3 + 4*b**2 + b - 2. What is c(5)?
-22
Let a(v) = v - 8. Calculate a(11).
3
Let s(t) = t**2 - 14*t + 6. What is s(13)?
-7
Let j(a) = -a**3 + 8*a**2 - 4*a + 3. Give j(8).
-29
Let j(q) = -24*q + 146. Give j(6).
2
Let y(u) = 4*u**3 - 3*u**2 - u + 1. Calculate y(-1).
-5
Let z(u) = -u**3 - 4*u**2 - u - 13. Determine z(-5).
17
Let o(l) = l**2 + 20*l + 40. What is o(-20)?
40
Let d(k) = 2*k**3 + 9*k**2 - 19*k + 1. Calculate d(-6).
7
Let z(g) = -2*g + 26. Determine z(14).
-2
Let q(m) = -7*m + 80. Calculate q(10).
10
Let g(q) = 16*q - 550. What is g(36)?
26
Let x(c) = 5*c + 3. Calculate x(2).
13
Let h(l) = -l**2 + 7*l + 18. Give h(8).
10
Let a(k) = -k**2 + 2*k. Determine a(2).
0
Let c(q) = -q - 5. Give c(4).
-9
Let u(s) = s**3 - 2*s**2 - 2*s + 3. Determine u(2).
-1
Let x(u) = -u**2 + 7*u + 2. Determine x(-5).
-58
Let b(d) = 4*d - 16. What is b(-6)?
-40
Let b(n) = -6*n**2 - 37*n - 6. Give b(-6).
0
Let g(r) = r**2 + 14*r + 1. Calculate g(-7).
-48
Let o(m) = -m**3 + 2*m**2. Give o(3).
-9
Let t(i) = -12*i + 838. Determine t(70).
-2
Let n(o) = o**2 - 18*o - 33. Determine n(19).
-14
Let k(z) = -z**2 - 136*z + 852. Calculate k(6).
0
Let p(u) = -3*u**2 + 3*u - 2. Calculate p(-3).
-38
Let q(x) = x - 2. Determine q(-4).
-6
Let h(r) = -2*r**3 + 4*r**2 + 31*r + 6. What is h(5)?
11
Let z(w) = w**3 + 22*w**2 - 21*w - 6. Calculate z(-23).
-52
Let k(w) = 2*w**3 + 3*w**2. Calculate k(-1).
1
Let f(k) = k**3 - 7*k**2 + 2*k + 4. What is f(6)?
-20
Let a(b) = b - 24. Determine a(0).
-24
Let a(d) = -d**3 + 3*d**2 - d + 4. Give a(4).
-16
Let c(g) = g**3 + 11*g**2 + 10*g - 10. What is c(-10)?
-10
Let p(q) = -3*q**2 + q - 1. Calculate p(2).
-11
Let r(k) = k**3 - 7*k**2 - 13. Give r(7).
-13
Let w(v) = -248*v - 1487. What is w(-6)?
1
Let l(m) = m**3 + 22*m**2 + 42*m + 27. Calculate l(-20).
-13
Let l(o) = 2*o**2 + 14*o + 8. Calculate l(-9).
44
Let k(u) = -3*u - 12. What is k(-8)?
12
Let x(j) = -j**3 - 4*j**2 - 3*j + 4. Determine x(-3).
4
Let x(h) = h - 3. Determine x(0).
-3
Let z(q) = q**2 + 8*q + 18. Determine z(-6).
6
Let b(g) = -16*g + 37. What is b(3)?
-11
Let x(b) = 4*b. Determine x(7).
28
Let b(g) = -g**3 + g**2 - g + 6. Determine b(0).
6
Let g(m) = -m**3 + 17*m**2 - 13*m - 30. Determine g(16).
18
Let a(t) = -2*t**2 - 66*t - 59. Calculate a(-32).
5
Let l(s) = 6*s - 4. Determine l(-1).
-10
Let r(z) = -z - 3. What is r(6)?
-9
Let u(c) = -28*c + 2079. Give u(74).
7
Let r(b) = 18*b**2 - 11*b - 12. Determine r(-1).
17
Let b(g) = -g**2 - 4*g + 12. Determine b(-5).
7
Let l(y) = -12*y + 22. What is l(1)?
10
Let v(l) = l**2 - 16*l + 9. Give v(15).
-6
Let k(m) = -31*m - 259. Determine k(-9).
20
Let w(t) = -2*t**2 + 25*t + 72. Determine w(15).
-3
Let v(m) = 2*m**3 - 2*m**2 + 4*m + 1. Calculate v(3).
49
Let f(z) = -16*z**2 + 1. Calculate f(1).
-15
Let s(n) = -2*n**2 - 4*n + 29. Determine s(-6).
-19
Let t(x) = -x + 2. Determine t(0).
2
Let d(g) = -g**2 - 4*g + 10. What is d(-6)?
-2
Let b(m) = 2*m**2 + 5*m + 14. Give b(-2).
12
Let k(y) = y**2 - 6*y - 7. Determine k(7).
0
Let s(q) = 13*q + 17. Determine s(-2).
-9
Let p(b) = 3*b**2 + 20*b - 25. Calculate p(-8).
7
Let b(m) = 21*m + 1. Determine b(1).
22
Let w(v) = v**2 - 4*v - 6. Give w(-4).
26
Let d(p) = -p**3 + 5*p**2 - p + 13. Determine d(5).
8
Let t(d) = -6*d**2 + 88*d + 32. What is t(15)?
2
Let b(k) = -k**3 + 9*k**2 - 18*k + 4. Give b(6).
4
Let u(p) = p**2 - 9*p - 1. Calculate u(5).
-21
Let y(u) = 2*u**2 - 10*u + 8. Give y(7).
36
Let r(b) = -b**2 + 13*b + 28. What is r(15)?
-2
Let c(g) = -g + 52. What is c(9)?
43
Let x(c) = c**2 + 7*c - 40. Determine x(-13).
38
Let g(n) = -16*n - 141. Determine g(-8).
-13
Let a(p) = -p**2 + 3*p + 4. What is a(-8)?
-84
Let b(i) = 38*i + 1. Determine b(-1).
-37
Let u(d) = -63*d - 321. Determine u(-5).
-6
Let c(r) = -r**3 - 12*r**2 + 14*r + 10. Determine c(-13).
-3
Let v(l) = l**2 + 5*l - 19. Give v(-8).
5
Let d(p) = 8*p + 100. Determine d(-12).
4
Let l(p) = -2*p**3 - 2*p**2 + 4*p - 1. Calculate l(2).
-17
Let m(y) = -2*y - 6. Give m(-7).
8
Let j(q) = 6*q + 91. What is j(-11)?
25
Let t(d) = 13*d - 51. Calculate t(4).
1
Let p(j) = j**2 + 30*j - 74. Calculate p(-32).
-10
Let k(h) = -6*h + 2. What is k(-5)?
32
Let y(g) = -5*g**3 - 2*g**2 - 2*g. Give y(-1).
5
Let t(w) = w**2 - 52*w - 228. Calculate t(-4).
-4
Let j(l) = l**2 - 24*l + 144. Give j(11).
1
Let s(b) = 2*b**3 - 7*b**2 + 4*b + 4. Give s(4).
36
Let p(g) = -4*g**3 + g**2 + g - 2. What is p(2)?
-28
Let l(v) = -v**2 + 31*v - 195. What is l(23)?
-11
Let g(f) = 2*f + 13. Determine g(11).
35
Let w(g) = -3*g - 5. Give w(4).
-17
Let w(f) = -f**2 + 5*f + 11. Calculate w(-5).
-39
Let y(a) = a**2 - 2*a + 5. Determine y(2).
5
Let p(g) = g**3 - g**2 + 5*g - 4. Calculate p(2).
10
Let q(o) = o**3 + 8*o**2 + 3*o + 7. What is q(-7)?
35
Let j(q) = -q**2 - 10*q + 12. Give j(-9).
21
Let b(p) = 2*p**3 + 11*p**2 - 9*p + 4. What is b(-7)?
-80
Let a(i) = -4*i + 20. Determine a(4).
4
Let u(f) = f**3 - 17*f**2 + 30*f - 9. What is u(15)?
-9
Let u(v) = -12*v - 65. Give u(-5).
-5
Let q(z) = 32*z - 3. Calculate q(1).
29
Let q(k) = k**2 - 14*k + 49. Calculate q(5).
4
Let r(w) = 8*w - 6. Calculate r(-6).
-54
Let m(x) = -x**2 - 14*x - 22. Calculate m(-12).
2
Let y(w) = -w + 5. Determine y(12).
-7
Let h(m) = -6*m + 86. Calculate h(14).
2
Let r(w) = -w**2 + 9*w + 1. Give r(9).
1
Let h(w) = -w**3 - 12*w**2 - 20*w - 6. Determine h(-10).
-6
Let u(m) = -m**3 + 4*m**2 - m + 3. Calculate u(2).
9
Let p(g) = -3*g - 35. What is p(-9)?
-8
Let b(x) = x - 28. Give b(29).
1
Let i(p) = -2*p + 176. Determine i(86).
4
Let j(i) = -i**3 + 4*i**2 + 11*i - 7. Determine j(6).
-13
Let c(g) = g**3 + 11*g**2 + 3*g - 3. Calculate c(-11).
-36
Let g(n) = -25*n - 31. Give g(-1).
-6
Let f(y) = y**3 - 23*y**2 + 25*y - 3. Calculate f(22).
63
Let k(z) = -z**2 + z + 30. Calculate k(0).
30
Let u(p) = -p**2 - 26*p - 30. What is u(-25)?
-5
Let d(m) = -32*m**3 + 3*m**2 - 3*m. Calculate d(1).
-32
Let k(x) = 2*x**2 - 29*x + 80. Calculate k(11).
3
Let d(u) = 4*u - 1. Determine d(4).
15
Let z(t) = -t**2 - 4*t + 8. What is z(-6)?
-4
Let k(g) = -2*g**2 + 11*g + 5. Calculate k(6).
-1
Let t(j) = j**2 + 4. What is t(3)?
13
Let z(k) = -34*k - 647. Determine z(-19).
-1
Let v(i) = -5*i**2 + 11*i + 12. What is v(3)?
0
Let m(v) = v**2 - 6*v - 4. Determine m(7).
3
Let s(x) = -x - 2. What is s(-1)?
-1
Let j(m) = 2*m + 75. Give j(-32).
11
Let c(y) = y**3 - 30*y - 32. What is c(-5)?
-7
Let d(m) = m**2 + 21*m + 104. Give d(-7).
6
Let l(i) = -i + 5. What is l(3)?
2
Let b(r) = -12*r + 129. Determine b(11).
-3
Let x(m) = 13*m + 15. Give x(-3).
-24
Let i(c) = -c**3 - 18*c**2 - 17*c + 10. Determine i(-17).
10
Let b(h) = h**3 - 7*h**2 - 33*h + 24. Determine b(10).
-6
Let y(q) = -2*q**3 - 13*q**2 + q - 4. Calculate y(-5).
-84
Let f(i) = 6*i + 9. Determine f(0).
9
Let b(r) = r**2 + 3*r + 5. Give b(0).
5
Let z(p) = -12*p - 1. What is z(-8)?
95
Let x(c) = -2*c**3 - 11*c**2 + 6*c + 3. What is x(-5)?
-52
Let n(r) = 12*r**2 + 37*r + 4. What is n(-3)?
1
Let b(j) = -4*j - 20. Give b(-9).
16
Let f(c) = 31*c - 1. Give f(1).
30
Let s(x) = -x**2 - 10*x + 6. What is s(-11)?
-5
Let s(b) = 2*b + 11. Determine s(3).
17
Let p(b) = 2*b**3 - 2*b**2 - 3*b - 2. What is p(-1)?
-3
Let k(b) = b**2 - 7*b + 22. Give k(7).
22
Let m(t) = -2*t - 50. Give m(-22).
-6
Let d(v) = 18*v - 106. Determine d(4).
-34
Let m(t) = t**2 - 14*t + 18. Determine m(12).
-6
Let j(s) = s**3 - 10*s**2 + 5*s + 20. Give j(7).
-92
Let c(o) = -2*o**2 + 19*o - 15. Determine c(8).
9
Let b(x) = x**2 + 18*x + 58. Calculate b(-11).
-19
Let a(d) = 4*d**2 - 2*d + 5. What is a(0)?
5
Let l(a) = -a + 6. Determine l(-2).
8
Let l(o) = 3*o**2 - 10*o - 24. Calculate l(5).
1
Let p(d) = 9*d + 9. Calculate p(-4).
-27
Let q(d) = d - 36. Give q(27).
-9
Let l(v) = -v**3 + 7*v**2 + 3*v - 37. Calculate l(8).
-77
Let a(m) = -m**2 + 18*m + 3. Give a(19).
-16
Let d(n) = n**3 - 6*n**2 - 4*n + 25. Calculate d(4).
-23
Let x(y) = 8*y**2 + 72*y + 4. What is x(-9)?
4
Let q(r) = -r**3 - 6*r**2 + 57*r + 16. What is q(-11)?
-6
Let g(b) = -7*b - 10. Calculate g(-3).
11
Let y(n) = -14*n + 1. Determine y(1).
-13
Let r(c) = 42*c - 2. Calculate r(-1).
-44
Let v(d) = -8*d**2 - d. Calculate v(1).
-9
Let w(n) = n**3 + 11*n**2 + 14*n + 14. Giv